{"version":"1.0","provider_name":"","provider_url":"https:\/\/www.sillon38.com\/blog","author_name":"M Coeur","author_url":"https:\/\/www.sillon38.com\/blog\/author\/gilbert\/","title":"Des adolescents fran\u00e7ais rencontrent Angela Merkel -","type":"rich","width":600,"height":338,"html":"<blockquote class=\"wp-embedded-content\" data-secret=\"yDiDMCh8yI\"><a href=\"https:\/\/www.sillon38.com\/blog\/2015\/05\/12\/des-adolescents-francais-rencontrent-angela-merkel\/\">Des adolescents fran\u00e7ais rencontrent Angela Merkel<\/a><\/blockquote><iframe sandbox=\"allow-scripts\" security=\"restricted\" src=\"https:\/\/www.sillon38.com\/blog\/2015\/05\/12\/des-adolescents-francais-rencontrent-angela-merkel\/embed\/#?secret=yDiDMCh8yI\" width=\"600\" height=\"338\" title=\"\u00ab\u00a0Des adolescents fran\u00e7ais rencontrent Angela Merkel\u00a0\u00bb &#8212; \" data-secret=\"yDiDMCh8yI\" frameborder=\"0\" marginwidth=\"0\" marginheight=\"0\" scrolling=\"no\" class=\"wp-embedded-content\"><\/iframe><script type=\"text\/javascript\">\n\/* <![CDATA[ *\/\n\/*! This file is auto-generated *\/\n!function(d,l){\"use strict\";l.querySelector&&d.addEventListener&&\"undefined\"!=typeof URL&&(d.wp=d.wp||{},d.wp.receiveEmbedMessage||(d.wp.receiveEmbedMessage=function(e){var t=e.data;if((t||t.secret||t.message||t.value)&&!\/[^a-zA-Z0-9]\/.test(t.secret)){for(var s,r,n,a=l.querySelectorAll('iframe[data-secret=\"'+t.secret+'\"]'),o=l.querySelectorAll('blockquote[data-secret=\"'+t.secret+'\"]'),c=new RegExp(\"^https?:$\",\"i\"),i=0;i<o.length;i++)o[i].style.display=\"none\";for(i=0;i<a.length;i++)s=a[i],e.source===s.contentWindow&&(s.removeAttribute(\"style\"),\"height\"===t.message?(1e3<(r=parseInt(t.value,10))?r=1e3:~~r<200&&(r=200),s.height=r):\"link\"===t.message&&(r=new URL(s.getAttribute(\"src\")),n=new URL(t.value),c.test(n.protocol))&&n.host===r.host&&l.activeElement===s&&(d.top.location.href=t.value))}},d.addEventListener(\"message\",d.wp.receiveEmbedMessage,!1),l.addEventListener(\"DOMContentLoaded\",function(){for(var e,t,s=l.querySelectorAll(\"iframe.wp-embedded-content\"),r=0;r<s.length;r++)(t=(e=s[r]).getAttribute(\"data-secret\"))||(t=Math.random().toString(36).substring(2,12),e.src+=\"#?secret=\"+t,e.setAttribute(\"data-secret\",t)),e.contentWindow.postMessage({message:\"ready\",secret:t},\"*\")},!1)))}(window,document);\n\/\/# sourceURL=https:\/\/www.sillon38.com\/blog\/wp-includes\/js\/wp-embed.min.js\n\/* ]]> *\/\n<\/script>\n","description":"En amont du G7, plac\u00e9 cette ann\u00e9e sous la pr\u00e9sidence de l\u2019Allemagne, 54 jeunes \u00e2g\u00e9s de 14 \u00e0 18 ans ont rencontr\u00e9 la Chanceli\u00e8re allemande Angela Merkel \u00e0 Berlin pour lui pr\u00e9senter leurs propositions sur les enjeux du monde les plus pressants. Deux jeunes fran\u00e7ais ont pu prendre la parole devant Angela Merkel."}

Des adolescents français rencontrent Angela Merkel -

<blockquote class="wp-embedded-content" data-secret="yDiDMCh8yI"><a href="https://www.sillon38.com/blog/2015/05/12/des-adolescents-francais-rencontrent-angela-merkel/">Des adolescents français rencontrent Angela Merkel</a></blockquote><iframe sandbox="allow-scripts" security="restricted" src="https://www.sillon38.com/blog/2015/05/12/des-adolescents-francais-rencontrent-angela-merkel/embed/#?secret=yDiDMCh8yI" width="600" height="338" title="« Des adolescents français rencontrent Angela Merkel » &#8212; " data-secret="yDiDMCh8yI" frameborder="0" marginwidth="0" marginheight="0" scrolling="no" class="wp-embedded-content"></iframe><script type="text/javascript">
/* <![CDATA[ */
/*! This file is auto-generated */
!function(d,l){"use strict";l.querySelector&&d.addEventListener&&"undefined"!=typeof URL&&(d.wp=d.wp||{},d.wp.receiveEmbedMessage||(d.wp.receiveEmbedMessage=function(e){var t=e.data;if((t||t.secret||t.message||t.value)&&!/[^a-zA-Z0-9]/.test(t.secret)){for(var s,r,n,a=l.querySelectorAll('iframe[data-secret="'+t.secret+'"]'),o=l.querySelectorAll('blockquote[data-secret="'+t.secret+'"]'),c=new RegExp("^https?:$","i"),i=0;i<o.length;i++)o[i].style.display="none";for(i=0;i<a.length;i++)s=a[i],e.source===s.contentWindow&&(s.removeAttribute("style"),"height"===t.message?(1e3<(r=parseInt(t.value,10))?r=1e3:~~r<200&&(r=200),s.height=r):"link"===t.message&&(r=new URL(s.getAttribute("src")),n=new URL(t.value),c.test(n.protocol))&&n.host===r.host&&l.activeElement===s&&(d.top.location.href=t.value))}},d.addEventListener("message",d.wp.receiveEmbedMessage,!1),l.addEventListener("DOMContentLoaded",function(){for(var e,t,s=l.querySelectorAll("iframe.wp-embedded-content"),r=0;r<s.length;r++)(t=(e=s[r]).getAttribute("data-secret"))||(t=Math.random().toString(36).substring(2,12),e.src+="#?secret="+t,e.setAttribute("data-secret",t)),e.contentWindow.postMessage({message:"ready",secret:t},"*")},!1)))}(window,document);
//# sourceURL=https://www.sillon38.com/blog/wp-includes/js/wp-embed.min.js
/* ]]> */
</script>

En amont du G7, placé cette année sous la présidence de l’Allemagne, 54 jeunes âgés de 14 à 18 ans ont rencontré la Chancelière allemande Angela Merkel à Berlin pour lui présenter leurs propositions sur les enjeux du monde les plus pressants. Deux jeunes français ont pu prendre la parole devant Angela Merkel.
